{"id":35,"date":"2019-06-21T13:38:48","date_gmt":"2019-06-21T11:38:48","guid":{"rendered":"http:\/\/www.psp.codep45.fr\/?page_id=35"},"modified":"2020-05-06T14:01:42","modified_gmt":"2020-05-06T12:01:42","slug":"liens","status":"publish","type":"page","link":"http:\/\/www.psp.codep45.fr\/index.php\/liens\/","title":{"rendered":"Liens"},"content":{"rendered":"<p>\u00a0<\/p>\n<p style=\"text-align: left;\"><strong>1) \u00a0\u00a0 <span style=\"color: #800080;\"><span style=\"color: #000000;\">COMMISSION PLONG\u00c9E SPORTIVE EN PISCINE<\/span> \u00a0<\/span> \u00a0 \u00a0 \u00a0 \u00a0 \u00a0 \u00a0 \u00a0 \u00a0 \u00a0 \u00a0 \u00a0 \u00a0 \u00a0 \u00a0 \u00a0 \u00a0 \u00a0 \u00a0<\/strong><strong> \u00a0 \u00a0 \u00a0 \u00a0 \u00a0 Sport Diving<\/strong><\/p>\n<p><img loading=\"lazy\" decoding=\"async\" class=\"size-medium wp-image-98 aligncenter\" src=\"http:\/\/www.psp.codep45.fr\/wp-content\/uploads\/2019\/06\/487-300x83.jpg\" alt=\"\" width=\"300\" height=\"83\" srcset=\"http:\/\/www.psp.codep45.fr\/wp-content\/uploads\/2019\/06\/487-300x83.jpg 300w, http:\/\/www.psp.codep45.fr\/wp-content\/uploads\/2019\/06\/487-768x214.jpg 768w, http:\/\/www.psp.codep45.fr\/wp-content\/uploads\/2019\/06\/487-1024x285.jpg 1024w, http:\/\/www.psp.codep45.fr\/wp-content\/uploads\/2019\/06\/487.jpg 1320w\" sizes=\"auto, (max-width: 300px) 100vw, 300px\" \/><\/p>\n<p>https:\/\/psp.ffessm.fr\/<\/p>\n\n\n<p><a href=\"https:\/\/psp.ffessm.fr\/\">https:\/\/psp.ffessm.fr\/<\/a><\/p>\n\n\n\n<p><\/p>\n\n\n\n<p style=\"text-align:left\">  <strong>2)     Comit\u00e9 R\u00e9gionale Centre <\/strong><\/p>\n\n\n\n<figure class=\"wp-block-image\"><img decoding=\"async\" src=\"http:\/\/s149683526.onlinehome.fr\/mambo\/images\/stories\/logo_ccffessm2_120.jpg\" alt=\"logo_ccffessm2_120.jpg\"\/><\/figure>\n\n\n\n<p><a href=\"http:\/\/www.centreffessm.fr\/\">http:\/\/www.centreffessm.fr\/<\/a><\/p>\n\n\n\n<p> <\/p>\n\n\n\n<p> <strong>3)<\/strong>     FFESSM: <strong>sport et sant\u00e9<\/strong>,                         La PSP est concern\u00e9e.<\/p>\n\n\n\n<figure class=\"wp-block-image\"><img decoding=\"async\" src=\"https:\/\/ffessm.fr\/ckfinder\/userfiles\/images\/Dossiers-FFESSM\/sportsante.jpg\" alt=\"\"\/><figcaption><a href=\"https:\/\/ffessm.fr\/se-former\/module-sport-sante\">https:\/\/ffessm.fr\/se-former\/module-sport-sante<\/a><\/figcaption><\/figure>\n\n\n\n<p style=\"text-align:left\"><strong>4) &nbsp;C<\/strong>ertificat m\u00e9dical d\u2019<strong>A<\/strong>bsence de <strong>C<\/strong>ontre-<strong>I<\/strong>ndication (CACI)<\/p>\n\n\n\n<p><a href=\"https:\/\/ffessm.fr\/pratiquer\/le-certificat-medical\">https:\/\/ffessm.fr\/pratiquer\/le-certificat-medical<\/a><\/p>\n\n\n\n<p><a href=\"https:\/\/ffessm.fr\/uploads\/media\/docs\/0001\/01\/47a380e2a57e7c4cf5ac3f195cdfa1238a59408f.pdf\">https:\/\/ffessm.fr\/uploads\/media\/docs\/0001\/01\/47a380e2a57e7c4cf5ac3f195cdfa1238a59408f.pdf<\/a><br><\/p>\n\n\n\n<p><\/p>\n","protected":false},"excerpt":{"rendered":"<p>\u00a0 1) \u00a0\u00a0 COMMISSION PLONG\u00c9E SPORTIVE EN PISCINE \u00a0 \u00a0 \u00a0 \u00a0 \u00a0 \u00a0 \u00a0 \u00a0 \u00a0 \u00a0 \u00a0 \u00a0 \u00a0 \u00a0 \u00a0 \u00a0 \u00a0 \u00a0 \u00a0 \u00a0 \u00a0 \u00a0 \u00a0 \u00a0 Sport Diving https:\/\/psp.ffessm.fr\/ https:\/\/psp.ffessm.fr\/ 2) Comit\u00e9 R\u00e9gionale Centre http:\/\/www.centreffessm.fr\/ 3) FFESSM: sport et sant\u00e9, La PSP est concern\u00e9e. 4) &nbsp;Certificat m\u00e9dical d\u2019Absence de &hellip; <\/p>\n<p class=\"link-more\"><a href=\"http:\/\/www.psp.codep45.fr\/index.php\/liens\/\" class=\"more-link\">Continue reading<span class=\"screen-reader-text\"> &#8220;Liens&#8221;<\/span><\/a><\/p>\n","protected":false},"author":1,"featured_media":0,"parent":0,"menu_order":0,"comment_status":"closed","ping_status":"closed","template":"","meta":{"footnotes":""},"class_list":["post-35","page","type-page","status-publish","hentry"],"_links":{"self":[{"href":"http:\/\/www.psp.codep45.fr\/index.php\/wp-json\/wp\/v2\/pages\/35","targetHints":{"allow":["GET"]}}],"collection":[{"href":"http:\/\/www.psp.codep45.fr\/index.php\/wp-json\/wp\/v2\/pages"}],"about":[{"href":"http:\/\/www.psp.codep45.fr\/index.php\/wp-json\/wp\/v2\/types\/page"}],"author":[{"embeddable":true,"href":"http:\/\/www.psp.codep45.fr\/index.php\/wp-json\/wp\/v2\/users\/1"}],"replies":[{"embeddable":true,"href":"http:\/\/www.psp.codep45.fr\/index.php\/wp-json\/wp\/v2\/comments?post=35"}],"version-history":[{"count":44,"href":"http:\/\/www.psp.codep45.fr\/index.php\/wp-json\/wp\/v2\/pages\/35\/revisions"}],"predecessor-version":[{"id":309,"href":"http:\/\/www.psp.codep45.fr\/index.php\/wp-json\/wp\/v2\/pages\/35\/revisions\/309"}],"wp:attachment":[{"href":"http:\/\/www.psp.codep45.fr\/index.php\/wp-json\/wp\/v2\/media?parent=35"}],"curies":[{"name":"wp","href":"https:\/\/api.w.org\/{rel}","templated":true}]}}